t m be p(8). Let u be (m/35)/((-2)/10). What is the hundreds digit of t(u)?
1
Suppose -z + 8 = -0*z - 5*w, -4*z - 4*w + 8 = 0. Suppose 3*u - 5*f = 35, -z*u = 2*u - 5*f - 45. What is the tens digit of 49 - (u/(5/(-2)) + -1)?
5
Let s(g) be the second derivative of -43*g**3/6 - 139*g**2/2 + 7*g + 8. What is the units digit of s(-12)?
7
What is the units digit of 2 - (13 - (12560 - -8))?
7
Let x = -10840 + 15618. What is the thousands digit of x?
4
Suppose -147*m = -53*m - 1571304. What is the thousands digit of m?
6
Let i = 16420 - 6932. What is the units digit of i?
8
Let f(c) = 2*c**3 + 19*c**2 - 8*c + 20. Let u be f(-10). Suppose -12*z + 32*z - 10560 = u. What is the units digit of z?
8
Suppose 651 = 3*r + 4*o - 473, 0 = 4*r + 2*o - 1512. Let t = 657 - r. What is the tens digit of t?
7
Suppose 3*f - 3620 = h, f - 1321 + 121 = 2*h. What is the hundreds digit of f?
2
Let t be (-277)/3 - (-4)/(-6). Let z(f) = -191*f**2 - 17*f + 18. Let n be z(1). Let c = t - n. What is the tens digit of c?
9
Let z(h) = 17*h - 18*h + 6 - 7. Let o be z(8). Let k(p) = p**2 - 12*p + 14. What is the units digit of k(o)?
3
What is the ten thousands digit of (8 - -419)*(-1098)/(-42)?
1
Let c be (-23)/7 + (-6)/(-21). Let v = c + -6. Let i(q) = -11*q - 17. What is the tens digit of i(v)?
8
Suppose 16*u + 1 = 33. Suppose 2*s = -2*n + 758 - 88, u*n + s = 673. What is the units digit of n?
8
Suppose -h = -7*h - 3144. Let l = h - -909. What is the units digit of l?
5
Let r = -4812 - -24114. What is the units digit of r?
2
Let h be 25566/42 - (-8)/28. Let y = h - 31. What is the units digit of y?
8
Let n = -7 - -58. Let r = -54 + n. What is the tens digit of ((-1)/(16/(-60)))/(r/(-8))?
1
Let r(z) = -333*z**3 + 5*z - 5. Let b be r(1). Let y = 636 + b. What is the tens digit of y?
0
What is the tens digit of 6/(-8) + (4563650/8)/59?
6
What is the hundreds digit of ((-260)/195 - (-13)/3) + 3584?
5
Suppose 5*s - 110 = 105. Suppose -2*a = s + 207. Let m = 216 + a. What is the tens digit of m?
9
Let y(j) be the second derivative of -j**2 + 29*j + 0 + 1/6*j**3. What is the units digit of y(4)?
2
Let a(c) = c**3 + 6*c**2 + c - 12. Let u be a(-6). Let i = 225 + u. What is the units digit of i?
7
Let x be 8 - (4/(-10))/((-3)/(-15)). Suppose q + x = 360. What is the units digit of q?
0
Suppose -2*d = -4*x - 61496, -30*x + 34*x + 92248 = 3*d. What is the tens digit of d?
5
What is the tens digit of ((-2)/(12/3))/(-4) - 37927476/(-1632)?
4
Suppose 375*r - 451*r + 338200 = 0. What is the units digit of r?
0
Let a(w) = -17*w + 5. Let i(s) = 26*s - 10. Let j(t) = 8*a(t) + 5*i(t). What is the tens digit of j(-7)?
3
Suppose 20*z - 40*z - 37260 = -29*z. What is the hundreds digit of z?
1
Suppose -47*h + 49*h = 8812. What is the hundreds digit of h?
4
Let f = -43266 + 87376. What is the ten thousands digit of f?
4
Let h = 36 + -19. Suppose y + 2*n = 4*y - h, 5 = -5*y - 5*n. Suppose -j - 3*d = -5, -4*d = -2*j - y*d + 24. What is the tens digit of j?
1
Let u(t) be the first derivative of t**3/3 - 8*t**2 - 19*t - 90. What is the hundreds digit of u(37)?
7
Let k = -263 + 717. Suppose 2*p - 660 - k = 0. What is the hundreds digit of p?
5
Suppose -12*y - 4*d = -8*y - 12, 0 = -4*d + 4. Suppose 4*i = 3*q + 1917, 154*i = 158*i - y*q - 1914. What is the hundreds digit of i?
4
Let m be 10*(-1016)/(-48)*21. Suppose -6*o + m = -o. What is the hundreds digit of o?
8
Suppose 4 + 1 = 3*o - s, 5*o = 2*s + 8. Suppose -5*c = o*w - 23, -w - 25 = -4*c + 4*w. Suppose 0 = -0*b - c*b + 600. What is the tens digit of b?
2
Let p = 5742 + -3744. What is the hundreds digit of p?
9
Let g(m) = -40*m**3 + 10*m**2 + 9*m - 10. What is the thousands digit of g(-5)?
5
Suppose -106*v + 122*v - 33408 = 0. What is the thousands digit of v?
2
Let y(j) = 2*j + 10. Let z be y(2). Let m(w) = -w**3 + 15*w**2 - 8*w - 2. What is the units digit of m(z)?
2
Suppose 0 = 379*t - 389*t + 360070. What is the ten thousands digit of t?
3
Let w = 718 - -90. Suppose -3*c - a + w = -6*a, 2*a + 4 = 0. What is the tens digit of c?
6
Suppose o - 858 = -o. Let u = 332 - 187. Suppose -2*l = 4*m - o + 151, m + u = l. What is the hundreds digit of l?
1
Let y be (-14)/((-1)/4 - 7/4). Suppose 351 + 1399 = y*j. What is the units digit of j?
0
Suppose -25960 = 11*f - 15*f. Suppose -1630 = -2*p - f. What is the units digit of (1/(-3))/(10/p)?
1
Suppose 2 = 2*b + 2*s, -1 = -2*s + 1. Suppose b = -20*f + 27*f - 1386. What is the units digit of f?
8
Let d be (-21)/(-9) + 5/(-15). Let f be 18/4*d/3. Suppose 2*l - n = 183, -5*l + l + f*n = -367. What is the tens digit of l?
9
Let j be -5 - (-3)/(-3)*-5. Suppose j = -9*f + 1472 - 14. What is the units digit of f?
2
What is the tens digit of ((-30351)/27)/(149/(-1341))?
1
Let f(p) = 9*p - 225. Let k be f(30). What is the units digit of 23643/k - -3*(-1)/(-5)?
6
Suppose 5*a - 5*s = 450, -10*a + 5*a - 2*s + 450 = 0. Let o = a - 69. What is the tens digit of o?
2
Suppose -108*v + 600058 = -358334. What is the tens digit of v?
7
Suppose 2*d = 3*a + 1361, 5*a = -5*d + 6*d - 670. What is the tens digit of d?
8
Let p(g) = 11*g**2 + 21*g - 52. Let q(x) = -45*x**2 - 85*x + 211. Let d(s) = 9*p(s) + 2*q(s). What is the tens digit of d(11)?
5
Suppose 0 = 3*b - 11*b - 152. Let q = b - -23. What is the tens digit of (6/q + 1)/(2/8)?
1
Let m(d) be the first derivative of 3*d**2/2 - 33*d - 19. Let f be m(10). What is the units digit of ((-124)/f)/((-18)/(-27))?
2
Let w(r) = 3*r**2 - 10*r + 7. Let i be w(3). What is the tens digit of (i + 360/(-25))/((-1)/85)?
8
Suppose -5*y = 2*d - 10*y + 6, -y + 12 = 5*d. What is the thousands digit of (26 - 22)/(d/744)?
1
Suppose 46*i = 43*i + v + 531, 169 = i - 3*v. What is the units digit of i?
8
Suppose 45*k = 53*k + 1840. Let n = 198 - k. What is the units digit of n?
8
Suppose 2*w + 4*p = w + 236, 5*p - 232 = -w. What is the units digit of ((-78)/(-91))/(3/w)?
2
Let d(q) = q**3 + 5*q**2 - 10*q - 27. Let p be d(-6). What is the tens digit of p/5 - 15526*4/(-40)?
5
Let v be 16*4/(-128)*-8. Let b = -122 - -200. Suppose -v*y + b = -y. What is the units digit of y?
6
Let k be 4/((-4)/29239) - 5. What is the hundreds digit of 2/9 - k/108?
2
Suppose -18 = 3*r - 33. Suppose 0 = -r*a - 43*w + 42*w + 960, -a - 2*w + 201 = 0. What is the units digit of a?
1
Let n = -669 + 991. Let a = 73 + -27. Suppose -4*k - n = -5*c, c - 3*k - 14 - a = 0. What is the units digit of c?
6
Let d(v) = 15*v + 3*v + 5*v**2 + v**2 - 9*v - 131 - 5*v**2. What is the units digit of d(23)?
5
Let h(x) = -10*x + 14. Suppose 0 = -11*u + 15*u + 20. Let n(c) = -c**2 - 6*c - 9. Let d be n(u). What is the tens digit of h(d)?
5
Let q = -60 - -60. Let i(u) = 5*u + 36. Let w be i(q). Let y = w + 56. What is the units digit of y?
2
Let v be 28/(-84)*(-1 - 11). Suppose -538 - 498 = -v*a. Suppose -3*j = -j - i - a, 4*i = j - 140. What is the hundreds digit of j?
1
Let z(f) = 3*f - 38. Let r be z(14). Suppose 2192 = 3*l + 4*c, 14*l + 704 = 15*l - r*c. What is the hundreds digit of l?
7
Suppose 27 - 15 = 2*d. Let w be 24/40 + d/15. What is the hundreds digit of (w - 4/6)/((-21)/(-9135))?
1
Let r(v) be the first derivative of -v**3/3 + 9*v**2/2 + 20*v - 19. Let l be r(10). Suppose 2*i - 4*k = 44, -2*k = -4*k - l. What is the tens digit of i?
1
Suppose 0 = 5*p - 43 - 987. Suppose 15 = 5*a - u - 3, 2*a - 4*u = 0. Suppose 0 = -a*g + p + 658. What is the tens digit of g?
1
Let f(y) = -y**2 - 4*y + 85. Let w be f(-8). Suppose 1380 = -w*o + 55*o. What is the tens digit of o?
9
Suppose 0 = 40*c - 35*c. Suppose -t + 676 = 5*q - 4*t, 4*q + 4*t - 528 = c. Suppose 91 = 5*b - q. What is the units digit of b?
5
Suppose n + 0*r = -4*r + 2, 0 = r + 1. Suppose 0 = 2*b + c - n*c - 245, -3*b + 3*c + 381 = 0. What is the hundreds digit of b?
1
Let h be (-72)/20*(-10)/4. Let o(l) = 4*l**2 + 3*l - 12. What is the tens digit of o(h)?
3
Let z = 20 - 13. Let c = -33 - -37. Suppose -z*l + c*l = -21. What is the units digit of l?
7
Suppose 4*v + 8 = 2*k, -5*k - 2*v + 20 = 3*v. What is the tens digit of (4*-160)/(-2) - k/(-2)?
2
Suppose 2*q = -3*q + 1960. Let l be -393*(-20)/45 - 1/(-3). Let c = q - l. What is the units digit of c?
7
Suppose -384 + 1154 = 2*i. What is the tens digit of (-3860)/(-14) + -11*(-10)/i?
7
Suppose -16*n + 47*n - 110825 = 0. What is the hundred